common divisor of u and 18.
2
Suppose 6*r - r - 110 = 0. Let u be 10/4*(-4)/(-5). What is the greatest common divisor of u and r?
2
Let k = 45 + -75. Let m = 20 - k. What is the highest common factor of 10 and m?
10
Let l(z) = -z - 2. Let i be l(-2). Let h = i - 4. Let w(f) = 5*f**2 + 7*f + 4. Let g be w(h). Calculate the highest common divisor of g and 8.
8
Let l be 456/21*1 + 12/42. What is the highest common divisor of l and 33?
11
Let g = -8 - -23. Suppose -2*r + 3*z = -43, -g = -r + 3*z - 8*z. What is the greatest common divisor of r and 4?
4
Let y be 23 + (3 - (-4 + 8)). Calculate the greatest common divisor of 55 and y.
11
Let f(p) = p**3 + 4*p**2 + 3*p + 2. Let r be f(-3). Suppose 18 = r*i - i. Let b be i + 1/(-1 - -2). What is the highest common factor of 76 and b?
19
Suppose 0 = -3*l + 10 - 1. Suppose 0 = l*o - 2*o - 27. Suppose 2*g + 5*h = 28, -5*g + 49 = -h + 3*h. What is the highest common factor of g and o?
9
Let k(u) = -u**2 - 3*u + 1. Let s be k(-2). Suppose s*b - 16 = 2*n, 0 = -5*b - 0*b + n + 36. Calculate the highest common factor of 32 and b.
8
Suppose i + 0*i - 2*r + 6 = 0, 4*i - 2*r = 0. Let g = 16 + -13. Suppose -2*b = -x + 3*b + 13, -x = g*b - 5. Calculate the greatest common factor of x and i.
2
Let b(q) = 28*q**2 + 1. Let n be b(1). Let x = n + -7. Let i be x*(-3 - 7/(-2)). What is the greatest common factor of 121 and i?
11
Suppose 0 = -w + 8 + 25. Suppose -3*c = -s + 2*c + 25, -5*s + w = -2*c. What is the greatest common factor of s and 5?
5
Suppose -24 = p - 0*h - h, h = 0. Let z be 1*-1 - (p + -3). What is the greatest common factor of z and 13?
13
Suppose -p + 3*g + 12 = -13, 0 = -2*p + 5*g + 50. Calculate the highest common divisor of p and 100.
25
Suppose -4*g - 7 = -3*u, u = -4*g + 3*u - 2. Suppose 2*n - 1 = n, -4*l + g*n = -22. What is the highest common divisor of 2 and l?
2
Suppose 0 = 3*r - 7*r - 4*i + 40, -3*i + 50 = 5*r. Calculate the greatest common divisor of 70 and r.
10
Let r(u) = u**3 - 3*u**2 + 5*u - 3. Let t be r(3). Let j(k) = 2*k**2 - 17*k + 15. Let m be j(9). Calculate the highest common divisor of m and t.
12
Suppose 0 = -u - 3*w + 2, -10*u + 6*u - 3*w = -35. Calculate the greatest common factor of 11 and u.
11
Suppose -6*k + 5*k + 4 = 0. Suppose 2*f + 2*f = k*g + 704, 0 = -2*f + 3*g + 352. What is the greatest common factor of f and 22?
22
Let b be -14*(0 - (-18)/(-7)). Suppose 2*s + b = 4*p, 4*p + 0*p + 5*s - 36 = 0. What is the greatest common divisor of 36 and p?
9
Let y(j) = -j**2 + 8*j - 2. Let s be y(7). Suppose s*c = 5*m - 1 - 9, 0 = 2*m - 3*c - 4. Calculate the greatest common divisor of 4 and m.
2
Suppose 31 = a + 4*i, 5*a + 4*i - 63 - 124 = 0. Let q be (-1)/(-1) + -1 + a. Suppose -10 = -v + 16. What is the highest common divisor of v and q?
13
Let l = 34 - 22. Calculate the greatest common factor of 48 and l.
12
Let r(y) = 6*y + 62. Let l be r(-10). What is the greatest common factor of l and 4?
2
Let z(u) = 10*u - 20. Let x be z(7). What is the highest common divisor of 100 and x?
50
Let b(h) = -h**3 + 6*h**2 + 4*h. Let s be b(5). Suppose 2*r = -r + s. Calculate the greatest common factor of 45 and r.
15
Let k = -41 - -66. Let o = 4 - -1. What is the greatest common divisor of o and k?
5
Let h be 13 + -24 - (-4)/(-2). Let s be 2 + -4 + 5 - h. What is the highest common factor of 2 and s?
2
Suppose -6*k + k + 60 = 0. What is the greatest common divisor of k and 96?
12
Let c(s) = -s**3 - 6*s**2 - 7*s + 1. Let k be c(-5). Calculate the highest common divisor of 99 and k.
11
Let t = -114 - -162. Suppose 0 = -4*a - 2*b + t, -4*b = a + 5 - 17. Calculate the highest common factor of 12 and a.
12
Suppose -152 = -6*i + 124. Suppose -t - i + 12 = -4*j, -2*j + 20 = -2*t. What is the greatest common divisor of 24 and j?
8
Suppose -4*b + 3*b = -99. Calculate the greatest common divisor of b and 11.
11
Let q(l) = -l**3 - 8*l**2 - 6*l + 4. Let u be q(-8). Calculate the highest common factor of 13 and u.
13
Let n be -3 - 1*(-1 + -46). Calculate the highest common divisor of n and 154.
22
Let r(p) = -p**2 + p + 45. Let g be r(0). Let z(b) = 4*b**2 + 3*b - 4. Let q be z(-4). Let l = q - 33. Calculate the highest common factor of l and g.
15
Let n(a) = 72*a**2 + 3*a + 3. Let h be n(-1). What is the greatest common divisor of 9 and h?
9
Suppose 8 + 10 = 3*p. Let h = -4 + p. Let b be ((-2)/h + 0)*-30. What is the greatest common factor of b and 45?
15
Let j be 12/(-15)*(1 + -26). Let s = 145 + j. What is the greatest common factor of s and 15?
15
Let h(v) = -8*v + 8. Let g be (-34)/9 - (-18)/(-81). Let d be h(g). Calculate the greatest common divisor of d and 5.
5
Let q(h) = -h + 20. Let a be q(3). Calculate the greatest common divisor of a and 1.
1
Let u = -4 + 10. Suppose p - 22 = -u. Calculate the greatest common divisor of p and 32.
16
Let r be 2/((-5)/2 + 3). Let u be r*5 - (5 - 3). Let b = 26 - 17. Calculate the highest common factor of u and b.
9
Let h be 2 + (-1)/((-1)/49). Suppose -4*i = -h + 19. What is the greatest common divisor of i and 1?
1
Let t be 3/(((-45)/(-114))/5). Let i be ((-2)/(-4))/(2/76). What is the greatest common factor of i and t?
19
Suppose 96 + 30 = 3*g. What is the greatest common factor of 6 and g?
6
Suppose 0 = 6*i - 88 - 164. What is the highest common divisor of i and 105?
21
Let k(r) = 2*r. Suppose 2*b + l = 5, 2*b - 3*b = 2*l - 4. Let z be b/(-3) - (-32)/12. Let j be k(z). What is the greatest common divisor of 8 and j?
4
Let d = -73 - -102. Calculate the highest common factor of 232 and d.
29
Let q(y) = -3*y + 19. Let c be q(6). Calculate the greatest common divisor of 8 and c.
1
Suppose 5*h = 4*h + 2. Suppose 7*v = 3*v + j + 163, -h*j + 10 = 0. Calculate the greatest common divisor of 6 and v.
6
Let z = -8 + 10. Suppose -3*r + 33 = 3*i, z*i - 5 - 13 = -3*r. Let c(g) = 5*g**3 + g**2 - g + 1. Let u be c(1). Calculate the highest common divisor of i and u.
3
Let c(x) = 58*x - 2. Let v be c(1). What is the highest common factor of v and 7?
7
Let c be 3*8/(-36) - (-74)/3. Calculate the greatest common divisor of 48 and c.
24
Let o(y) = -y**3 + 5*y**2 + 3*y - 8. Let v be o(3). Calculate the greatest common factor of v and 76.
19
Let t = 23 + -16. Let g = -4 + t. Suppose -5*w + g*q + 35 = 0, 7 = -w + 2*w + q. Calculate the highest common factor of 35 and w.
7
Let t(h) = 2*h**2 + 6*h - 16. Let x be t(2). What is the highest common divisor of 56 and x?
4
Let h = 4 - 2. What is the highest common divisor of h and 3?
1
Let p(b) = 34*b + 31. Let j be p(13). Calculate the greatest common factor of 43 and j.
43
Suppose 0 = 3*v - h, -h + 4*h = 0. Let n be 1*1/(2/10). Suppose -n*g + 240 = -v*g. Calculate the highest common factor of g and 6.
6
Let o be 47 + (0 - 6/3). Suppose -5*k + 141 = -4. Suppose 0 = -6*h + h - g + 85, 0 = -3*h - 5*g + k. What is the highest common factor of h and o?
9
Let g be 4920/27 - 4/18. What is the greatest common factor of g and 26?
26
Let r be 102/(-68)*(-176)/3. Calculate the greatest common divisor of 8 and r.
8
Let k be (-34)/10 + (-2)/(-5). Let p be ((-5)/k)/((-3)/(-45)). Suppose -o - 5 = -p. What is the highest common divisor of 5 and o?
5
Let z = -19 + 32. Suppose y + 2*h - 117 = 0, -4*y + y + h = -351. Calculate the greatest common factor of z and y.
13
Let f(k) = -k**2 + 7*k - 2. Let z be f(3). Suppose -2*s = -278 + 58. Calculate the highest common divisor of s and z.
10
Let h be 6/(-8) + (-1 - 93/(-12)). What is the highest common divisor of 42 and h?
6
Let c = -7 - -6. Let f be c/(-2) - (-15)/(-6). Let n be 3*f*(-2)/6. Calculate the greatest common divisor of 22 and n.
2
Let w(d) = d**3 + 5*d**2 + d + 3. Let q be w(-5). Let v = 11 - q. Calculate the greatest common divisor of v and 117.
13
Let m(a) = -17*a - 5. Let s be 86/(-18) + (-18)/81. Let w be m(s). Calculate the highest common factor of w and 20.
20
Let q(j) = j**3 - 3*j**2 - 4*j + 4. Let y be q(5). Let a = -106 - -140. What is the greatest common factor of a and y?
34
Let o be 5/10 + 2/4. Suppose 3*g + 5*d - o = -2, d = g - 5. Suppose 2*k = 5*n - 569, n + g*k - 92 = 32. Calculate the greatest common divisor of 46 and n.
23
Suppose -4*y - 22 = -422. Calculate the highest common factor of 20 and y.
20
Let h = 139 + 41. Calculate the highest common factor of 10 and h.
10
Let u = 